{"id":245,"date":"2018-06-15T12:10:24","date_gmt":"2018-06-15T10:10:24","guid":{"rendered":"http:\/\/heythemers.com\/themes\/calafate\/?page_id=245"},"modified":"2020-05-19T11:18:36","modified_gmt":"2020-05-19T09:18:36","slug":"ahaha","status":"publish","type":"page","link":"https:\/\/www.maisonmontsouris.com\/index.php\/ahaha\/","title":{"rendered":"About"},"content":{"rendered":"<div class=\"grid kcm\">\n<div class=\"grid__item three-twelfths portable--auto lap--auto palm--auto top-no-padding bottom-no-padding center \">\n<p style=\"text-align: center;\"><a href=\"https:\/\/www.maisonmontsouris.com\/wp-content\/uploads\/2018\/10\/autoportrait_vignette_02-01.png\"><img loading=\"lazy\" class=\"alignnone wp-image-3275 size-full\" src=\"https:\/\/www.maisonmontsouris.com\/wp-content\/uploads\/2018\/10\/autoportrait_vignette_02-01.png\" alt=\"\" width=\"1000\" height=\"1000\" srcset=\"https:\/\/www.maisonmontsouris.com\/wp-content\/uploads\/2018\/10\/autoportrait_vignette_02-01.png 1000w, https:\/\/www.maisonmontsouris.com\/wp-content\/uploads\/2018\/10\/autoportrait_vignette_02-01-150x150.png 150w, https:\/\/www.maisonmontsouris.com\/wp-content\/uploads\/2018\/10\/autoportrait_vignette_02-01-300x300.png 300w, https:\/\/www.maisonmontsouris.com\/wp-content\/uploads\/2018\/10\/autoportrait_vignette_02-01-768x768.png 768w\" sizes=\"(max-width: 1000px) 100vw, 1000px\" \/><\/a><\/p>\n<\/div>\n<div class=\"grid__item six-twelfths portable--auto lap--auto palm--auto top-small-padding bottom-no-padding center \">\n<h2 style=\"text-align: center;\"><span style=\"color: #414141; font-size: 18px;\">Hey guys !<\/span><\/h2>\n<p class=\"p1\" style=\"text-align: center;\"><span style=\"font-size: 16px;\">First of all, thanks for checking out my work and I hope you enjoyed it !<br \/>\n<\/span><\/p>\n<p class=\"p1\" style=\"text-align: center;\"><span style=\"font-size: 16px;\">For any business inquiries please <a href=\"mailto:hello.montsouris@gmail.com\">contact me<\/a> <\/span><span style=\"font-size: 16px;\">or say hi to my agents <strong><a href=\"anais@monicavelours.fr\">Monica Velours<\/a>\u00a0<\/strong>(don&rsquo;t hesitate, they&rsquo;re really nice)<\/span><\/p>\n<h2 style=\"text-align: center;\"><span style=\"color: #414141; font-size: 18px;\"><span style=\"color: #414141; font-size: 14px;\"><span style=\"font-size: 10px;\">\u00a0<\/span><\/span><span style=\"color: #414141; font-size: 14px;\"><span style=\"font-size: 10px;\">\u25aa<\/span><\/span> \u00a0 About me\u00a0 <\/span><span style=\"color: #414141; font-size: 18px;\"><span style=\"color: #414141; font-size: 14px;\"><span style=\"font-size: 10px;\">\u25aa<\/span><\/span> <\/span><\/h2>\n<p class=\"p1\" style=\"text-align: center;\"><span style=\"font-size: 13px;\"><span style=\"font-size: 16px;\">I\u2019m an Paris based illustrator and 2D animator better know as montsouris. Previously, graphic designer for TBWA-Paris and Le Palais de Tokyo, where I was doing illustrations, which gave me the impulse to try something new. My style focuses on playful universes where colourful, good-natured characters live in an adult world<\/span><br \/>\n<\/span><span style=\"color: #414141; font-size: 14px;\"><span style=\"font-size: 10px;\">\u25aa <\/span><\/span><span style=\"color: #414141; font-size: 14px;\"><span style=\"font-size: 10px;\">\u25aa <\/span><\/span><span style=\"color: #414141; font-size: 14px;\"><span style=\"font-size: 10px;\">\u25aa<br \/>\n<\/span><\/span><span style=\"font-size: 16px;\">Je fais de l&rsquo;illustration et de l&rsquo;animation 2D sous le pseudo de montsouris. Pr\u00e9c\u00e9demment, graphiste pour TBWA-Paris et Le Palais de Tokyo, o\u00f9 je r\u00e9alisais des petites illustrations, petit \u00e0 petit, j&rsquo;ai d\u00e9velopp\u00e9 mon propre style ludique, o\u00f9 des personnages color\u00e9s et bon enfants se confrontent au quotidien de la vie<\/span><\/p>\n<\/div>\n<h2 style=\"text-align: center;\"><span style=\"color: #414141; font-size: 18px;\"><span style=\"color: #414141; font-size: 14px;\"><span style=\"font-size: 10px;\">\u00a0<\/span><\/span><span style=\"color: #414141; font-size: 14px;\"><span style=\"font-size: 10px;\">\u25aa <\/span><\/span><\/span><span style=\"color: #414141; font-size: 18px;\">\u00a0 Some Clients\u00a0 <\/span><span style=\"color: #414141; font-size: 18px;\"><span style=\"color: #414141; font-size: 14px;\"><span style=\"font-size: 10px;\">\u25aa<\/span><\/span> <\/span><\/h2>\n<p style=\"text-align: center;\"><span style=\"font-size: 16px;\">Aarp, Asus, Bnp-Paribas, Colmar, Decoded Advertising, Ideat,<\/span><br data-rich-text-line-break=\"true\" \/><span style=\"font-size: 16px;\">Le Printemps de l\u2019Homme, Merci Alfred, Psychologies, Publicis, Scaleway,<br \/>\nStudent Pop, Thalys, The Good Life, We are Social, Veepee<\/span><\/p>\n<h2 style=\"text-align: center;\"><span style=\"color: #414141; font-size: 18px;\"><span style=\"color: #414141; font-size: 14px;\"><span style=\"font-size: 10px;\">\u00a0<\/span><\/span><span style=\"color: #414141; font-size: 14px;\"><span style=\"font-size: 10px;\">\u25aa<\/span><\/span><\/span><span style=\"color: #414141; font-size: 16px;\"> \u00a0<span style=\"font-size: 18px;\">Subscribe <\/span><\/span><span style=\"color: #414141; font-size: 18px;\"><span style=\"color: #414141; font-size: 14px;\"><span style=\"font-size: 10px;\">\u25aa<\/span><\/span><\/span><\/h2>\n<h2 style=\"text-align: center;\"><span style=\"color: #414141; font-size: 16px;\"><a href=\"https:\/\/www.instagram.com\/mont.souris\/?hl=fr\">instragram<\/a> \u00a0<\/span><span style=\"color: #414141; font-size: 18px;\"><span style=\"color: #414141; font-size: 14px;\"><span style=\"font-size: 10px;\">\u25aa\u00a0 \u00a0<\/span><\/span><\/span><span style=\"color: #414141; font-size: 16px;\"><a href=\"https:\/\/dribbble.com\/montsouris\">dribbble<\/a><\/span><\/h2>\n<p style=\"text-align: center;\"><span style=\"font-size: 16px;\">and i&rsquo;ll give you fresh baked cookies for the next 10 years \ud83d\ude42\u00a0<\/span><\/p>\n<\/div>\n","protected":false},"excerpt":{"rendered":"<p>Hey guys ! First of all, thanks for checking out my work and I hope you enjoyed it ! For any business inquiries please contact me or say hi to my agents Monica Velours\u00a0(don&rsquo;t hesitate, they&rsquo;re really nice) \u00a0\u25aa \u00a0 About me\u00a0 \u25aa I\u2019m an Paris based illustrator and 2D animator better know as montsouris. [&hellip;]<\/p>\n","protected":false},"author":1,"featured_media":0,"parent":0,"menu_order":0,"comment_status":"closed","ping_status":"closed","template":"template-contact.php","meta":{"_monsterinsights_skip_tracking":false,"_monsterinsights_sitenote_active":false,"_monsterinsights_sitenote_note":"","_monsterinsights_sitenote_category":0},"_links":{"self":[{"href":"https:\/\/www.maisonmontsouris.com\/index.php\/wp-json\/wp\/v2\/pages\/245"}],"collection":[{"href":"https:\/\/www.maisonmontsouris.com\/index.php\/wp-json\/wp\/v2\/pages"}],"about":[{"href":"https:\/\/www.maisonmontsouris.com\/index.php\/wp-json\/wp\/v2\/types\/page"}],"author":[{"embeddable":true,"href":"https:\/\/www.maisonmontsouris.com\/index.php\/wp-json\/wp\/v2\/users\/1"}],"replies":[{"embeddable":true,"href":"https:\/\/www.maisonmontsouris.com\/index.php\/wp-json\/wp\/v2\/comments?post=245"}],"version-history":[{"count":107,"href":"https:\/\/www.maisonmontsouris.com\/index.php\/wp-json\/wp\/v2\/pages\/245\/revisions"}],"predecessor-version":[{"id":3712,"href":"https:\/\/www.maisonmontsouris.com\/index.php\/wp-json\/wp\/v2\/pages\/245\/revisions\/3712"}],"wp:attachment":[{"href":"https:\/\/www.maisonmontsouris.com\/index.php\/wp-json\/wp\/v2\/media?parent=245"}],"curies":[{"name":"wp","href":"https:\/\/api.w.org\/{rel}","templated":true}]}}